17)?
False
Does 39 divide 1*316 + -6 + (-22)/(-11)?
True
Suppose g = -u + 6*u - 24, 16 = -4*g. Suppose t - c = 69, -6*t = -u*t + 2*c - 126. Is t a multiple of 22?
True
Let y be ((-128)/12 + -3)/((-2)/(-42)). Let p = -76 - y. Is 13 a factor of p?
False
Suppose 5*x - 74 = -0*m - m, -2*m = -x - 192. Does 4 divide m?
False
Let i(g) = -g + 20. Let w be (2 - 1)*(-1 + 12). Is 2 a factor of i(w)?
False
Let a(y) = -y**2 - 12*y - 4. Let g be 16/112 + 92/(-7). Let m be a(g). Let k = -2 - m. Does 3 divide k?
True
Let z = 1325 - 931. Is z a multiple of 14?
False
Let p be 3 + 0/(2 - 1). Suppose -45 + 3 = -p*r. Is 12 a factor of r?
False
Does 4 divide (2020/8)/((-28)/(-56))?
False
Let c be (-3)/(-2) - 300/(-8). Suppose 3*o + 0*o - c = 0. Suppose m = o + 7. Does 8 divide m?
False
Does 22 divide -2*183/(-18)*3?
False
Does 12 divide -50 + 43 + (-1821)/(-3)?
True
Let z(x) = x + 1. Let s(j) = 69*j**2 + 2*j + 9. Let c(h) = s(h) - 5*z(h). Is c(1) a multiple of 14?
True
Let b be 20/100 + 108/10. Suppose r - 81 = -b. Is 14 a factor of r?
True
Let p be -1*(-2 + 2 - -3). Let h be (2 + 0)/((-1)/10). Let q = p - h. Is q a multiple of 11?
False
Let g = 30 - 25. Suppose 5*l + g*o = 75, -l - 1 + 7 = -2*o. Does 6 divide l?
True
Suppose 5*k + 1 - 21 = 0. Suppose 21 - 1 = k*g. Suppose 73 = g*t - 52. Does 18 divide t?
False
Let s(v) = -v**2 - 13*v. Let l be s(-13). Suppose -8*a + 4*a - 12 = l. Is -19*(a - (-3 + 1)) a multiple of 19?
True
Let d = 1 - -1. Suppose -d*h = h - 540. Let b = h - 104. Does 19 divide b?
True
Let c = 128 - 217. Let u = -48 - c. Is u a multiple of 5?
False
Suppose v + 5 = 3. Let y(h) = -26*h**3 - 2*h**2 - 2*h + 1. Is 32 a factor of y(v)?
False
Let j = -9 + 0. Let b = 13 + j. Does 6 divide 6*-4*(-2)/b?
True
Is 9 a factor of (-1029)/(-3)*(-6 + (-4 - -11))?
False
Let v(r) = -47*r**2 - 7*r + 6. Let g(t) = 93*t**2 - 21 + 32*t**2 + 15*t**2 + 4 + 20*t. Let f(l) = 6*g(l) + 17*v(l). Does 6 divide f(1)?
True
Suppose 29 = 2*u + 5*f, -u + 3*f - 9 = 2*u. Suppose -167 = r - u*r - x, 3*x = 3*r - 507. Does 28 divide r?
True
Suppose -j = 3*j - 8. Suppose 2*f + 108 = 5*k, 3*k - 16 = -j*f + 52. Is 8 a factor of k?
False
Let u(x) = x**3 - 3*x**2 - 2*x + 5. Let b be u(-2). Let l(j) = -5 + 0*j**2 + j**2 + 8*j - 4. Is l(b) a multiple of 14?
False
Let r = 7 + 15. Suppose -4*o + 2*o = -r. Suppose -6*f = -o*f + 350. Is 14 a factor of f?
True
Let b(a) = 2*a**2 - 15*a + 3. Let l be b(7). Let s(w) = -9*w - 5. Does 7 divide s(l)?
False
Let o = -13 - -38. Let d = 36 + -55. Let y = d + o. Is 2 a factor of y?
True
Let f be 202/(-22) - -3*(-4)/(-66). Let g = f - -82. Is g a multiple of 12?
False
Suppose 23040 = 25*q - 7*q. Is q a multiple of 20?
True
Let b = 96 - -94. Let l be (-1 + (-6)/(-4))*b. Let i = l + -59. Does 13 divide i?
False
Suppose -9*y + 4*y = 0. Suppose y = -k + 3*k + i - 12, -8 = k - 3*i. Suppose 4*b + 0*b = -3*g + 35, -k*b - 5*g = -29. Is b a multiple of 7?
False
Let b be 12*(-1)/(-3)*(1 + 0). Is 4/(-2) - 788/b*-1 a multiple of 15?
True
Let d = 2222 - 969. Is d a multiple of 8?
False
Let x(l) = -l**3 - 2*l**2 + 42*l + 39. Is x(-17) a multiple of 15?
True
Suppose 6*q - 2*q = 120. Let z = q - 17. Is 6 a factor of z?
False
Let p(v) = 5*v**3 + 12*v**3 + 1 - v**2 + 7*v**3. Suppose -4*d + 5*a - 5 - 1 = 0, 3*d + 1 = 2*a. Is 12 a factor of p(d)?
True
Let k be 76/10 + 4/10. Suppose 3*m + m - k = 0. Let i = 7 + m. Does 6 divide i?
False
Suppose -3*o + 1 - 4 = 0, 5*o + 7 = u. Does 20 divide -14 + 12 - (-36 + u + 0)?
False
Suppose 5*o - a - 223 = 0, 3*o + 0*a = -a + 129. Let z = o + -20. Does 5 divide (-156)/16*z/(-9)?
False
Suppose -3985 = -4*p - 933. Is 45 a factor of p/14*(2 - -2)?
False
Let z be (2/(-6))/(9/(-189)). Let p(q) = q - 3. Let c be p(z). Is 15 a factor of ((-18)/c)/(3/(-12))?
False
Let j(z) be the second derivative of 1/6*z**4 + 4*z + 5/6*z**3 + 0 + 6*z**2. Is j(-7) a multiple of 25?
True
Let f(j) = -253*j. Let a be f(-4). Suppose -4*t + s = t - a, -1003 = -5*t + 4*s. Is t a multiple of 12?
False
Is 67 a factor of 1516/(10*10/75)?
False
Let x be 2*(2 - (-4 + 4)). Suppose 22 = -x*o + 86. Is o a multiple of 4?
True
Let m = 76 + -39. Let p = m + -79. Let s = p - -85. Is s a multiple of 27?
False
Let h be 5 + (-1 - (-5)/1). Suppose 2*m - z = h - 2, 2*z + 18 = 5*m. Suppose 3*f = -3*b + 5*b + 136, m = -2*b. Is 11 a factor of f?
True
Let a = 12 - 12. Suppose -2*r + d + 215 = a, d = r + 2*d - 103. Does 26 divide r?
False
Suppose 0 = 2*l - 5*u + 11, 3 - 2 = 5*l - 3*u. Suppose -6*w - 23 = -l*c - w, -3*c + 5*w + 37 = 0. Does 21 divide 2*c/8*18?
True
Suppose q - 8*q = -21. Let y = 2 - -3. Suppose d + y*n = n + 40, 2*d - q*n = 135. Does 12 divide d?
True
Let g be ((-18)/(-8))/(11/572). Suppose -4*d = -51 - g. Is 21 a factor of d?
True
Suppose -4*p + 772 = 5*j, j + 2*j - 464 = -2*p. Suppose 5*t - j = -3*s + 2*t, 5*s + 4*t - 260 = 0. Is 10 a factor of (-1)/((2 - 4)/s)?
False
Let r(n) = -2*n + 13. Let x be r(0). Let i(p) = -p**3 + 19*p**2 - 7*p + 15. Let c be i(x). Suppose -c = 5*y - 12*y. Is 29 a factor of y?
False
Suppose 29479 + 9571 = 11*j. Is 62 a factor of j?
False
Let c(w) = w**3 + 14*w**2 - 13*w + 20. Let y be c(-15). Does 21 divide (210/125*5)/((-1)/y)?
True
Suppose 1800 = -4*n + 9*n. Is 20 a factor of n?
True
Suppose 0 = 5*i + 20, 23 = 3*b - 4*i + 2*i. Suppose 8*y = b + 147. Is 16 a factor of y?
False
Suppose -5*m = 3*k - 91, -k + 17 = -m + 2*m. Is m even?
True
Let b(r) = 25*r**2 - 22*r + 125. Is 41 a factor of b(6)?
False
Suppose -55*a + 892 = 4*b - 56*a, 452 = 2*b + a. Does 9 divide b?
False
Let w(n) be the second derivative of 0 - 3*n**2 - 7/6*n**3 - 2*n + 1/6*n**4. Does 8 divide w(6)?
True
Let n = -1093 - -1777. Is n a multiple of 18?
True
Let m = -182 + 322. Does 35 divide m?
True
Let c(s) be the second derivative of -s**4/12 - 19*s**3/6 + 5*s**2 + 10*s. Does 14 divide c(-18)?
True
Let a(y) = -16*y**3 + 5*y**2 + y + 7. Let d(o) = -17*o**3 + 6*o**2 + o + 8. Let v(p) = 7*a(p) - 6*d(p). Is v(-1) a multiple of 2?
False
Suppose -4*y + 319 = -177. Let v be (-2 - (-231)/(-5))*(-20)/4. Let j = v - y. Is j a multiple of 15?
False
Let c = -173 + 245. Does 9 divide c?
True
Let o(g) = 2*g**2 + 7*g - 4. Let s be o(-7). Let k = s + -15. Does 5 divide k?
True
Suppose 0 = -5*o - 3*d + 136 + 74, -210 = -5*o + 4*d. Does 21 divide o?
True
Let g(y) = y**2 + 6*y - 5. Let i be g(-5). Let f(x) = -x**3 - 10*x**2 - x + 1. Is f(i) a multiple of 11?
True
Let y = 764 + -365. Is 16 a factor of y?
False
Let o(v) = -8*v**2 + v - 17. Let u be o(4). Is (4 - -1) + (-4 - -2) - u a multiple of 16?
True
Suppose 5*y = -2*q + 29, -q - 3*y + 12 = -4. Let a(g) = -g**2 + 10*g - 8. Let r be a(8). Let c = r + q. Does 3 divide c?
True
Let g be 4*(2 + -3) - 0. Let j be (-114)/(-27) + g/18. Suppose -j*x + 48 = -32. Is x a multiple of 5?
True
Let h(y) = 4*y**2 + 80*y + 109. Let q(t) = t**2 + 20*t + 27. Let a(k) = 2*h(k) - 9*q(k). Does 6 divide a(-13)?
True
Let y(a) = -a**3 - 5*a**2 - 4*a - 6. Let w be y(-5). Suppose -3*g - j = -25, -4*g + 22 = 2*j - w. Is g a multiple of 3?
False
Suppose j - 11 + 31 = 0. Let o be 8/20 + (-972)/j. Let y = 116 - o. Is 11 a factor of y?
False
Let b(j) = 6*j**2 + 7*j**2 - 11*j - 3 - 12*j**2. Is 10 a factor of b(15)?
False
Is 13 a factor of 14 + -17 - (383*-1 - 2)?
False
Let y(n) = n**2 - 8*n + 3. Let a be y(12). Suppose 2*k - j + 17 = -22, 3*j = -2*k - a. Let r = 9 - k. Does 15 divide r?
True
Suppose 35 = 5*o + 5. Is 2 a factor of (3*46/18)/(2/o)?
False
Let r(k) be the second derivative of 41*k**3/6 + 7*k**2/2 + 14*k. Let l be r(-3). Let h = l + 194. Does 26 divide h?
True
Suppose 8 = 6*i - 4. Suppose 0*m + 889 = 4*m + 3*t, 0 = -5*m - i*t + 1106. Suppose -5*f + 3*k + m = -k, 3*k + 15 = 0. Is 8 a factor of f?
True
Suppose z - 15 - 35 = 2*v, 0 = 4*z + 5*v - 265. Is 60 a factor of z?
True
Suppose 0 = -3*t + i + 12, -i - i = -6. Suppose -415 = -t*c - 100. Suppose -3*z + 57 = z - 5*m, -3*z - 3*m = -c. Does 8 divide z?
False
Let o = -88 + 100. Suppose 3*b - 1125 = -o*b. Does 9 divide b?
False
Suppose 0 = 2*h + v + 4*v, -4*v = 5*h. Suppose h = 4*b + b - 75. Is 6 a factor of b?
False
Suppose 4*v + 20 = 120. Suppose -22*m = -v*m + 24. Is 4 a factor of m?
True
Let h = -2852 - -2972. Is h a multiple of 15?
True
Let g be 6 + -5 + (-2)/(-1). Suppose g*q - 75 = -0. Is q a multiple of 13?
False
Su